{"id":2580,"date":"2025-03-05T13:30:37","date_gmt":"2025-03-05T13:30:37","guid":{"rendered":"https:\/\/inoof.edu.dz\/new-website\/?page_id=2580"},"modified":"2025-11-12T07:24:26","modified_gmt":"2025-11-12T07:24:26","slug":"unites-denseignement","status":"publish","type":"page","link":"https:\/\/inoof.edu.dz\/?page_id=2580","title":{"rendered":"Unit\u00e9s d&#8217;enseignement"},"content":{"rendered":"\t\t<div data-elementor-type=\"wp-page\" data-elementor-id=\"2580\" class=\"elementor elementor-2580\">\n\t\t\t\t<div class=\"elementor-element elementor-element-97c6983 e-flex e-con-boxed e-con e-parent\" data-id=\"97c6983\" data-element_type=\"container\" data-e-type=\"container\">\n\t\t\t\t\t<div class=\"e-con-inner\">\n\t\t\t\t<div class=\"elementor-element elementor-element-8abc296 eael-dual-header-content-align-center elementor-widget elementor-widget-eael-dual-color-header\" data-id=\"8abc296\" data-element_type=\"widget\" data-e-type=\"widget\" data-widget_type=\"eael-dual-color-header.default\">\n\t\t\t\t<div class=\"elementor-widget-container\">\n\t\t\t\t\t\t\t\t<div class=\"eael-dual-header\">\n\t\t\t\t<h2 class=\"title eael-dch-title\"><span class=\"eael-dch-title-text eael-dch-title-lead lead solid-color\">unit\u00e9s<\/span> <span class=\"eael-dch-title-text\">d'enseignement - Licence<\/span><\/h2><div class=\"eael-dch-separator-wrap\"><span class=\"separator-one\"><\/span>\n\t\t\t<span class=\"separator-two\"><\/span><\/div>\t\t\t\t\t<span class=\"subtext\"><p>Les unit\u00e9s d\u2019enseignement de l\u2019Institut d\u2019Optom\u00e9trie d\u2019Ouled Fayet (INOOF) sont con\u00e7ues pour offrir une formation compl\u00e8te et progressive alliant sciences fondamentales, pratiques professionnelles et comp\u00e9tences techniques. Elles assurent un \u00e9quilibre entre savoir th\u00e9orique, savoir-faire en laboratoire et pr\u00e9paration au monde professionnel.<\/p><\/span>\n\t\t\t\t\t\t\t\t\t<span class=\"eael-dch-svg-icon\"><svg aria-hidden=\"true\" class=\"e-font-icon-svg e-fas-caret-down\" viewBox=\"0 0 320 512\" xmlns=\"http:\/\/www.w3.org\/2000\/svg\"><path d=\"M31.3 192h257.3c17.8 0 26.7 21.5 14.1 34.1L174.1 354.8c-7.8 7.8-20.5 7.8-28.3 0L17.2 226.1C4.6 213.5 13.5 192 31.3 192z\"><\/path><\/svg><\/span>\t\t\t\t\t\t\t<\/div>\n\n\t\t\t\t\t\t<\/div>\n\t\t\t\t<\/div>\n\t\t\t\t\t<\/div>\n\t\t\t\t<\/div>\n\t\t<div class=\"elementor-element elementor-element-c203ace e-flex e-con-boxed e-con e-parent\" data-id=\"c203ace\" data-element_type=\"container\" data-e-type=\"container\">\n\t\t\t\t\t<div class=\"e-con-inner\">\n\t\t\t\t<div class=\"elementor-element elementor-element-dd53f0f elementor-widget elementor-widget-html\" data-id=\"dd53f0f\" data-element_type=\"widget\" data-e-type=\"widget\" data-widget_type=\"html.default\">\n\t\t\t\t<div class=\"elementor-widget-container\">\n\t\t\t\t\t<style>\r\n    \/* Styles pour le conteneur principal *\/\r\n    .programme-optometrie {\r\n        font-family: Arial, sans-serif;\r\n        color: #333;\r\n        max-width: 1000px;\r\n        margin: 0 auto;\r\n        padding: 20px;\r\n    }\r\n\r\n    \/* Styles pour chaque semestre *\/\r\n    .semestre-card {\r\n        background-color: #f0f8ff; \/* Bleu tr\u00e8s p\u00e2le pour le fond *\/\r\n        border: 2px solid #0056b3; \/* Bordure bleu fonc\u00e9 *\/\r\n        border-radius: 8px;\r\n        margin-bottom: 25px;\r\n        padding: 15px;\r\n    }\r\n\r\n    \/* Titre du semestre (par exemple, S1, S2, etc.) *\/\r\n    .semestre-title {\r\n        color: #0056b3; \/* Bleu fonc\u00e9 *\/\r\n        font-size: 1.8em;\r\n        font-weight: bold;\r\n        margin-bottom: 10px;\r\n        padding-bottom: 5px;\r\n        border-bottom: 2px solid #007bff; \/* Bleu moyen pour s\u00e9parateur *\/\r\n    }\r\n\r\n    \/* Conteneur pour chaque unit\u00e9 d'enseignement *\/\r\n    .unite-enseignement {\r\n        margin-top: 15px;\r\n        padding: 10px;\r\n        border-left: 5px solid #007bff; \/* Barre verticale bleue *\/\r\n        background-color: #ffffff; \/* Fond blanc pour les UE *\/\r\n        border-radius: 4px;\r\n        box-shadow: 0 2px 4px rgba(0, 0, 0, 0.1);\r\n    }\r\n\r\n    \/* Titre de l'unit\u00e9 d'enseignement (Nature et Code) *\/\r\n    .unite-title {\r\n        color: #0056b3;\r\n        font-size: 1.1em;\r\n        font-weight: bold;\r\n        margin-bottom: 8px;\r\n    }\r\n\r\n    \/* Liste des mati\u00e8res *\/\r\n    .matiere-list {\r\n        list-style-type: disc; \/* Puces de liste *\/\r\n        padding-left: 20px;\r\n        margin-top: 5px;\r\n    }\r\n\r\n    .matiere-list li {\r\n        font-size: 0.95em;\r\n        line-height: 1.5;\r\n        color: #333;\r\n    }\r\n<\/style>\r\n\r\n<div class=\"programme-optometrie\">\r\n\r\n    <div class=\"semestre-card\">\r\n        <div class=\"semestre-title\">\ud83d\udd35 Semestre 1 (S1)<\/div>\r\n        <div class=\"unite-enseignement\">\r\n            <div class=\"unite-title\">Unit\u00e9 d'Enseignement Fondamentale (UEF 1.1.1)<\/div>\r\n            <ul class=\"matiere-list\">\r\n                <li>Analyse 1<\/li>\r\n                <li>Alg\u00e8bre 1<\/li>\r\n            <\/ul>\r\n        <\/div>\r\n        <div class=\"unite-enseignement\">\r\n            <div class=\"unite-title\">Unit\u00e9 d'Enseignement Fondamentale (UEF 1.1.2)<\/div>\r\n            <ul class=\"matiere-list\">\r\n                <li>\u00c9l\u00e9ment de m\u00e9canique<\/li>\r\n                <li>Structure de la mati\u00e8re<\/li>\r\n            <\/ul>\r\n        <\/div>\r\n        <div class=\"unite-enseignement\">\r\n            <div class=\"unite-title\">Unit\u00e9 d'Enseignement M\u00e9thodologique (UEM 1.1)<\/div>\r\n            <ul class=\"matiere-list\">\r\n                <li>TP \u00e9l\u00e9ments de m\u00e9canique<\/li>\r\n                <li>TP structure de la mati\u00e8re<\/li>\r\n                <li>Structure des ordinateurs et applications<\/li>\r\n            <\/ul>\r\n        <\/div>\r\n        <div class=\"unite-enseignement\">\r\n            <div class=\"unite-title\">Unit\u00e9 d'Enseignement Transversale (UET 1.1)<\/div>\r\n            <ul class=\"matiere-list\">\r\n                <li>Dimension \u00e9thique et d\u00e9ontologique (les Fondements)<\/li>\r\n                <li>Les m\u00e9tiers en sciences et technologies<\/li>\r\n            <\/ul>\r\n        <\/div>\r\n    <\/div>\r\n\r\n    <div class=\"semestre-card\">\r\n        <div class=\"semestre-title\">\ud83d\udd35 Semestre 2 (S2)<\/div>\r\n        <div class=\"unite-enseignement\">\r\n            <div class=\"unite-title\">Unit\u00e9 d'Enseignement Fondamentale (UEF 1.2.1)<\/div>\r\n            <ul class=\"matiere-list\">\r\n                <li>Analyse 2<\/li>\r\n                <li>Alg\u00e8bre 2<\/li>\r\n            <\/ul>\r\n        <\/div>\r\n        <div class=\"unite-enseignement\">\r\n            <div class=\"unite-title\">Unit\u00e9 d'Enseignement Fondamentale (UEF 1.2.2)<\/div>\r\n            <ul class=\"matiere-list\">\r\n                <li>\u00c9lectricit\u00e9 et magn\u00e9tisme<\/li>\r\n                <li>Thermodynamique<\/li>\r\n            <\/ul>\r\n        <\/div>\r\n        <div class=\"unite-enseignement\">\r\n            <div class=\"unite-title\">Unit\u00e9 d'Enseignement M\u00e9thodologique (UEM 1.2)<\/div>\r\n            <ul class=\"matiere-list\">\r\n                <li>TP \u00c9lectricit\u00e9 et magn\u00e9tisme<\/li>\r\n                <li>TP Thermodynamique<\/li>\r\n                <li>Initiation \u00e0 la programmation<\/li>\r\n            <\/ul>\r\n        <\/div>\r\n        <div class=\"unite-enseignement\">\r\n            <div class=\"unite-title\">Unit\u00e9 d'Enseignement Transversale (UET 1.2)<\/div>\r\n            <ul class=\"matiere-list\">\r\n                <li>Logiciels libres - open sources<\/li>\r\n            <\/ul>\r\n        <\/div>\r\n    <\/div>\r\n\r\n    <div class=\"semestre-card\">\r\n        <div class=\"semestre-title\">\ud83d\udd35 Semestre 3 (S3)<\/div>\r\n        <div class=\"unite-enseignement\">\r\n            <div class=\"unite-title\">Unit\u00e9 d'Enseignement Fondamentale (UEF 2.1.1)<\/div>\r\n            <ul class=\"matiere-list\">\r\n                <li>Optique lunetterie 1<\/li>\r\n                <li>Mat\u00e9riaux pour l'optique<\/li>\r\n            <\/ul>\r\n        <\/div>\r\n        <div class=\"unite-enseignement\">\r\n            <div class=\"unite-title\">Unit\u00e9 d'Enseignement Fondamentale (UEF 2.1.2)<\/div>\r\n            <ul class=\"matiere-list\">\r\n                <li>Optique g\u00e9om\u00e9trique<\/li>\r\n                <li>Anatomie et physiologie oculaire 1<\/li>\r\n            <\/ul>\r\n        <\/div>\r\n        <div class=\"unite-enseignement\">\r\n            <div class=\"unite-title\">Unit\u00e9 d'Enseignement M\u00e9thodologique (UEM 2.1)<\/div>\r\n            <ul class=\"matiere-list\">\r\n                <li>Dessin technique<\/li>\r\n                <li>Programmation Python<\/li>\r\n                <li>TP Mat\u00e9riaux pour l'optique<\/li>\r\n                <li>TP Optique g\u00e9om\u00e9trique<\/li>\r\n            <\/ul>\r\n        <\/div>\r\n        <div class=\"unite-enseignement\">\r\n            <div class=\"unite-title\">Unit\u00e9 d'Enseignement Transversale (UET 2.1)<\/div>\r\n            <ul class=\"matiere-list\">\r\n                <li>\u00c9thique et D\u00e9ontologie de l'opticien<\/li>\r\n            <\/ul>\r\n        <\/div>\r\n    <\/div>\r\n\r\n    <div class=\"semestre-card\">\r\n        <div class=\"semestre-title\">\ud83d\udd35 Semestre 4 (S4)<\/div>\r\n        <div class=\"unite-enseignement\">\r\n            <div class=\"unite-title\">Unit\u00e9 d'Enseignement Fondamentale (UEF 2.2.1)<\/div>\r\n            <ul class=\"matiere-list\">\r\n                <li>Montage Lunetterie 1<\/li>\r\n                <li>Optique Lunetterie 2<\/li>\r\n            <\/ul>\r\n        <\/div>\r\n        <div class=\"unite-enseignement\">\r\n            <div class=\"unite-title\">Unit\u00e9 d'Enseignement Fondamentale (UEF 2.2.2)<\/div>\r\n            <ul class=\"matiere-list\">\r\n                <li>Optique physiologique 1<\/li>\r\n                <li>Optique ondulatoire<\/li>\r\n            <\/ul>\r\n        <\/div>\r\n        <div class=\"unite-enseignement\">\r\n            <div class=\"unite-title\">Unit\u00e9 d'Enseignement M\u00e9thodologique (UEM 2.2)<\/div>\r\n            <ul class=\"matiere-list\">\r\n                <li>Photom\u00e9trie<\/li>\r\n                <li>Informatique appliqu\u00e9e (DAO\/CAO)<\/li>\r\n                <li>Stage en milieu professionnel<\/li>\r\n            <\/ul>\r\n        <\/div>\r\n        <div class=\"unite-enseignement\">\r\n            <div class=\"unite-title\">Unit\u00e9 d'Enseignement Transversale (UET 2.2)<\/div>\r\n            <ul class=\"matiere-list\">\r\n                <li>Technique d'information et de communication<\/li>\r\n            <\/ul>\r\n        <\/div>\r\n    <\/div>\r\n    \r\n    <div class=\"semestre-card\">\r\n        <div class=\"semestre-title\">\ud83d\udd35 Semestre 5 (S5)<\/div>\r\n        <div class=\"unite-enseignement\">\r\n            <div class=\"unite-title\">Unit\u00e9 d'Enseignement Fondamentale (UEF 3.1.1)<\/div>\r\n            <ul class=\"matiere-list\">\r\n                <li>Optom\u00e9trie 1<\/li>\r\n                <li>Contactologie 1<\/li>\r\n                <li>Optique physiologique 2<\/li>\r\n            <\/ul>\r\n        <\/div>\r\n        <div class=\"unite-enseignement\">\r\n            <div class=\"unite-title\">Unit\u00e9 d'Enseignement Fondamentale (UEF 3.1.2)<\/div>\r\n            <ul class=\"matiere-list\">\r\n                <li>Vision binoculaire 1<\/li>\r\n                <li>Montage Lunetterie 2<\/li>\r\n            <\/ul>\r\n        <\/div>\r\n        <div class=\"unite-enseignement\">\r\n            <div class=\"unite-title\">Unit\u00e9 d'Enseignement M\u00e9thodologique (UEM 3.1)<\/div>\r\n            <ul class=\"matiere-list\">\r\n                <li>Colorim\u00e9trie<\/li>\r\n                <li>Instruments optiques et optom\u00e9triques<\/li>\r\n                <li>Projet tutor\u00e9<\/li>\r\n            <\/ul>\r\n        <\/div>\r\n        <div class=\"unite-enseignement\">\r\n            <div class=\"unite-title\">Unit\u00e9 d'Enseignement Transversale (UET 3.1)<\/div>\r\n            <ul class=\"matiere-list\">\r\n                <li>Entrepreneuriat et start-up<\/li>\r\n            <\/ul>\r\n        <\/div>\r\n    <\/div>\r\n\r\n    <div class=\"semestre-card\">\r\n        <div class=\"semestre-title\">\ud83d\udd35 Semestre 6 (S6)<\/div>\r\n        <div class=\"unite-enseignement\">\r\n            <div class=\"unite-title\">Unit\u00e9 d'Enseignement Fondamentale (UEF 3.2)<\/div>\r\n            <ul class=\"matiere-list\">\r\n                <li>Projet de fin d'\u00e9tudes<\/li>\r\n            <\/ul>\r\n        <\/div>\r\n    <\/div>\r\n\r\n<\/div>\t\t\t\t<\/div>\n\t\t\t\t<\/div>\n\t\t\t\t\t<\/div>\n\t\t\t\t<\/div>\n\t\t\t\t<\/div>\n\t\t","protected":false},"excerpt":{"rendered":"<p>unit\u00e9s d&#8217;enseignement &#8211; Licence Les unit\u00e9s d\u2019enseignement de l\u2019Institut d\u2019Optom\u00e9trie d\u2019Ouled Fayet (INOOF) sont con\u00e7ues pour offrir une formation compl\u00e8te et progressive alliant sciences fondamentales, pratiques professionnelles et comp\u00e9tences techniques. [&hellip;]<\/p>\n","protected":false},"author":1,"featured_media":0,"parent":0,"menu_order":0,"comment_status":"closed","ping_status":"closed","template":"","meta":{"_eb_attr":"","breadcrumbs_single_post":"","page_title_panel":"","breadcrumbs_single_page":"","single_page_alignment":"","single_page_margin":"","page_structure_type":"","content_style_source":"","content_style":"","blog_post_streched_ed":"","blog_page_streched_ed":"","has_transparent_header":"","disable_transparent_header":"","vertical_spacing_source":"","content_area_spacing":"","single_post_content_background":"","single_page_content_background":"","single_post_boxed_content_spacing":"","single_page_boxed_content_spacing":"","single_post_content_boxed_radius":"","single_page_content_boxed_radius":"","disable_featured_image":"","disable_post_tags":"","disable_author_box":"","disable_posts_navigation":"","disable_comments":"","disable_related_posts":"","disable_header":"","disable_footer":"","footnotes":""},"class_list":["post-2580","page","type-page","status-publish","hentry","rishi-post","no-post-thumbnail"],"yoast_head":"<!-- This site is optimized with the Yoast SEO plugin v27.6 - https:\/\/yoast.com\/product\/yoast-seo-wordpress\/ -->\n<title>Unit\u00e9s d&#039;enseignement - INOOF<\/title>\n<meta name=\"robots\" content=\"index, follow, max-snippet:-1, max-image-preview:large, max-video-preview:-1\" \/>\n<link rel=\"canonical\" href=\"https:\/\/inoof.edu.dz\/?page_id=2580\" \/>\n<meta property=\"og:locale\" content=\"en_US\" \/>\n<meta property=\"og:type\" content=\"article\" \/>\n<meta property=\"og:title\" content=\"Unit\u00e9s d&#039;enseignement - INOOF\" \/>\n<meta property=\"og:description\" content=\"unit\u00e9s d&#8217;enseignement &#8211; Licence Les unit\u00e9s d\u2019enseignement de l\u2019Institut d\u2019Optom\u00e9trie d\u2019Ouled Fayet (INOOF) sont con\u00e7ues pour offrir une formation compl\u00e8te et progressive alliant sciences fondamentales, pratiques professionnelles et comp\u00e9tences techniques. [&hellip;]\" \/>\n<meta property=\"og:url\" content=\"https:\/\/inoof.edu.dz\/?page_id=2580\" \/>\n<meta property=\"og:site_name\" content=\"INOOF\" \/>\n<meta property=\"article:publisher\" content=\"https:\/\/www.facebook.com\/profile.php?id=100070764799497\" \/>\n<meta property=\"article:modified_time\" content=\"2025-11-12T07:24:26+00:00\" \/>\n<meta property=\"og:image\" content=\"https:\/\/inoof.edu.dz\/wp-content\/uploads\/2025\/03\/Design-sans-titre-1-1.png\" \/>\n\t<meta property=\"og:image:width\" content=\"512\" \/>\n\t<meta property=\"og:image:height\" content=\"512\" \/>\n\t<meta property=\"og:image:type\" content=\"image\/png\" \/>\n<meta name=\"twitter:card\" content=\"summary_large_image\" \/>\n<script type=\"application\/ld+json\" class=\"yoast-schema-graph\">{\"@context\":\"https:\\\/\\\/schema.org\",\"@graph\":[{\"@type\":\"WebPage\",\"@id\":\"https:\\\/\\\/inoof.edu.dz\\\/?page_id=2580\",\"url\":\"https:\\\/\\\/inoof.edu.dz\\\/?page_id=2580\",\"name\":\"Unit\u00e9s d'enseignement - INOOF\",\"isPartOf\":{\"@id\":\"https:\\\/\\\/inoof.edu.dz\\\/#website\"},\"datePublished\":\"2025-03-05T13:30:37+00:00\",\"dateModified\":\"2025-11-12T07:24:26+00:00\",\"breadcrumb\":{\"@id\":\"https:\\\/\\\/inoof.edu.dz\\\/?page_id=2580#breadcrumb\"},\"inLanguage\":\"en-US\",\"potentialAction\":[{\"@type\":\"ReadAction\",\"target\":[\"https:\\\/\\\/inoof.edu.dz\\\/?page_id=2580\"]}]},{\"@type\":\"BreadcrumbList\",\"@id\":\"https:\\\/\\\/inoof.edu.dz\\\/?page_id=2580#breadcrumb\",\"itemListElement\":[{\"@type\":\"ListItem\",\"position\":1,\"name\":\"Home\",\"item\":\"https:\\\/\\\/inoof.edu.dz\\\/\"},{\"@type\":\"ListItem\",\"position\":2,\"name\":\"Unit\u00e9s d&#8217;enseignement\"}]},{\"@type\":\"WebSite\",\"@id\":\"https:\\\/\\\/inoof.edu.dz\\\/#website\",\"url\":\"https:\\\/\\\/inoof.edu.dz\\\/\",\"name\":\"INOOF\",\"description\":\"\",\"publisher\":{\"@id\":\"https:\\\/\\\/inoof.edu.dz\\\/#organization\"},\"potentialAction\":[{\"@type\":\"SearchAction\",\"target\":{\"@type\":\"EntryPoint\",\"urlTemplate\":\"https:\\\/\\\/inoof.edu.dz\\\/?s={search_term_string}\"},\"query-input\":{\"@type\":\"PropertyValueSpecification\",\"valueRequired\":true,\"valueName\":\"search_term_string\"}}],\"inLanguage\":\"en-US\"},{\"@type\":\"Organization\",\"@id\":\"https:\\\/\\\/inoof.edu.dz\\\/#organization\",\"name\":\"INOOF\",\"url\":\"https:\\\/\\\/inoof.edu.dz\\\/\",\"logo\":{\"@type\":\"ImageObject\",\"inLanguage\":\"en-US\",\"@id\":\"https:\\\/\\\/inoof.edu.dz\\\/#\\\/schema\\\/logo\\\/image\\\/\",\"url\":\"https:\\\/\\\/inoof.edu.dz\\\/new-website\\\/wp-content\\\/uploads\\\/2025\\\/02\\\/inoof-trans-logo.png\",\"contentUrl\":\"https:\\\/\\\/inoof.edu.dz\\\/new-website\\\/wp-content\\\/uploads\\\/2025\\\/02\\\/inoof-trans-logo.png\",\"width\":500,\"height\":199,\"caption\":\"INOOF\"},\"image\":{\"@id\":\"https:\\\/\\\/inoof.edu.dz\\\/#\\\/schema\\\/logo\\\/image\\\/\"},\"sameAs\":[\"https:\\\/\\\/www.facebook.com\\\/profile.php?id=100070764799497\",\"https:\\\/\\\/www.instagram.com\\\/institutinoof\\\/\"]}]}<\/script>\n<!-- \/ Yoast SEO plugin. -->","yoast_head_json":{"title":"Unit\u00e9s d'enseignement - INOOF","robots":{"index":"index","follow":"follow","max-snippet":"max-snippet:-1","max-image-preview":"max-image-preview:large","max-video-preview":"max-video-preview:-1"},"canonical":"https:\/\/inoof.edu.dz\/?page_id=2580","og_locale":"en_US","og_type":"article","og_title":"Unit\u00e9s d'enseignement - INOOF","og_description":"unit\u00e9s d&#8217;enseignement &#8211; Licence Les unit\u00e9s d\u2019enseignement de l\u2019Institut d\u2019Optom\u00e9trie d\u2019Ouled Fayet (INOOF) sont con\u00e7ues pour offrir une formation compl\u00e8te et progressive alliant sciences fondamentales, pratiques professionnelles et comp\u00e9tences techniques. [&hellip;]","og_url":"https:\/\/inoof.edu.dz\/?page_id=2580","og_site_name":"INOOF","article_publisher":"https:\/\/www.facebook.com\/profile.php?id=100070764799497","article_modified_time":"2025-11-12T07:24:26+00:00","og_image":[{"width":512,"height":512,"url":"https:\/\/inoof.edu.dz\/wp-content\/uploads\/2025\/03\/Design-sans-titre-1-1.png","type":"image\/png"}],"twitter_card":"summary_large_image","schema":{"@context":"https:\/\/schema.org","@graph":[{"@type":"WebPage","@id":"https:\/\/inoof.edu.dz\/?page_id=2580","url":"https:\/\/inoof.edu.dz\/?page_id=2580","name":"Unit\u00e9s d'enseignement - INOOF","isPartOf":{"@id":"https:\/\/inoof.edu.dz\/#website"},"datePublished":"2025-03-05T13:30:37+00:00","dateModified":"2025-11-12T07:24:26+00:00","breadcrumb":{"@id":"https:\/\/inoof.edu.dz\/?page_id=2580#breadcrumb"},"inLanguage":"en-US","potentialAction":[{"@type":"ReadAction","target":["https:\/\/inoof.edu.dz\/?page_id=2580"]}]},{"@type":"BreadcrumbList","@id":"https:\/\/inoof.edu.dz\/?page_id=2580#breadcrumb","itemListElement":[{"@type":"ListItem","position":1,"name":"Home","item":"https:\/\/inoof.edu.dz\/"},{"@type":"ListItem","position":2,"name":"Unit\u00e9s d&#8217;enseignement"}]},{"@type":"WebSite","@id":"https:\/\/inoof.edu.dz\/#website","url":"https:\/\/inoof.edu.dz\/","name":"INOOF","description":"","publisher":{"@id":"https:\/\/inoof.edu.dz\/#organization"},"potentialAction":[{"@type":"SearchAction","target":{"@type":"EntryPoint","urlTemplate":"https:\/\/inoof.edu.dz\/?s={search_term_string}"},"query-input":{"@type":"PropertyValueSpecification","valueRequired":true,"valueName":"search_term_string"}}],"inLanguage":"en-US"},{"@type":"Organization","@id":"https:\/\/inoof.edu.dz\/#organization","name":"INOOF","url":"https:\/\/inoof.edu.dz\/","logo":{"@type":"ImageObject","inLanguage":"en-US","@id":"https:\/\/inoof.edu.dz\/#\/schema\/logo\/image\/","url":"https:\/\/inoof.edu.dz\/new-website\/wp-content\/uploads\/2025\/02\/inoof-trans-logo.png","contentUrl":"https:\/\/inoof.edu.dz\/new-website\/wp-content\/uploads\/2025\/02\/inoof-trans-logo.png","width":500,"height":199,"caption":"INOOF"},"image":{"@id":"https:\/\/inoof.edu.dz\/#\/schema\/logo\/image\/"},"sameAs":["https:\/\/www.facebook.com\/profile.php?id=100070764799497","https:\/\/www.instagram.com\/institutinoof\/"]}]}},"_links":{"self":[{"href":"https:\/\/inoof.edu.dz\/index.php?rest_route=\/wp\/v2\/pages\/2580","targetHints":{"allow":["GET"]}}],"collection":[{"href":"https:\/\/inoof.edu.dz\/index.php?rest_route=\/wp\/v2\/pages"}],"about":[{"href":"https:\/\/inoof.edu.dz\/index.php?rest_route=\/wp\/v2\/types\/page"}],"author":[{"embeddable":true,"href":"https:\/\/inoof.edu.dz\/index.php?rest_route=\/wp\/v2\/users\/1"}],"replies":[{"embeddable":true,"href":"https:\/\/inoof.edu.dz\/index.php?rest_route=%2Fwp%2Fv2%2Fcomments&post=2580"}],"version-history":[{"count":15,"href":"https:\/\/inoof.edu.dz\/index.php?rest_route=\/wp\/v2\/pages\/2580\/revisions"}],"predecessor-version":[{"id":4797,"href":"https:\/\/inoof.edu.dz\/index.php?rest_route=\/wp\/v2\/pages\/2580\/revisions\/4797"}],"wp:attachment":[{"href":"https:\/\/inoof.edu.dz\/index.php?rest_route=%2Fwp%2Fv2%2Fmedia&parent=2580"}],"curies":[{"name":"wp","href":"https:\/\/api.w.org\/{rel}","templated":true}]}}